 w be x(12). Let t = 15 + 28. Suppose -4*b - w = -t. Calculate the greatest common divisor of b and 21.
7
Suppose -2*u - 4*r + 1 + 21 = 0, 2*u = 3*r + 22. Suppose -367 - 23 = -3*s. Suppose p = s - 42. Calculate the highest common factor of p and u.
11
Suppose f - 18 = n + 7, -f + 27 = -2*n. Let z(b) = -10*b**3 - 2*b**2 + b. Let u be z(-3). Let r = 295 - u. Calculate the highest common factor of f and r.
23
Suppose 98*t - 30 = 97*t. Calculate the greatest common divisor of t and 48.
6
Suppose 0 = -21*w + 28*w - 21. Suppose 6*l - w*l - 1456 = -5*b, l + 4*b - 497 = 0. What is the highest common divisor of l and 53?
53
Suppose -2*b + 103*v = 98*v - 256, -4*v = -5*b + 691. Let o = 138 - 86. Calculate the highest common factor of b and o.
13
Suppose 189 = 142*h - 95. Calculate the greatest common divisor of h and 386.
2
Suppose -22 - 28 = -25*o. Suppose k - 4*k = -o*d + 165, d - 81 = 3*k. Calculate the greatest common divisor of 48 and d.
12
Suppose -4*n = -j - 410, 406*n = 404*n - 3*j + 226. Calculate the highest common factor of n and 23816.
104
Suppose 284*y - 184296 - 38658 = 55934. Calculate the highest common factor of y and 8.
2
Let v = 7 - -63. Let p be ((-5)/1)/(-6 + (-47)/(-8)). What is the highest common factor of v and p?
10
Let d be 3 + 2*(-6)/(-3). Suppose -4*q = -d - 9, 4*g = 2*q + 140. Let t = 264 - 153. Calculate the highest common divisor of g and t.
37
Suppose 2*k - 56 = -116*h + 111*h, 3*k - 3*h = 0. What is the highest common factor of k and 4764?
4
Let r(t) = 4*t - 105. Let l be r(14). Let b = l + 57. Let s = -25 - -57. Calculate the greatest common factor of b and s.
8
Suppose -5*x = 2*t - 239, 163*t + 3*x - 569 = 158*t. Calculate the greatest common divisor of 3024 and t.
112
Suppose -5*x + 30 = 0, 172 = -319*o + 324*o + 2*x. Calculate the greatest common divisor of o and 14032.
16
Suppose -3*y = -5*y + 100. Suppose -77*j = 42*j - 3570. Calculate the greatest common divisor of y and j.
10
Suppose 0 = -7*h + 8*h + 3*d - 39, -2*h = 2*d - 66. What is the highest common factor of h and 6?
6
Let s be 116277/8 + 606/(-48) + 13. Calculate the highest common divisor of s and 76.
19
Suppose 3*s = -3*l + 168, 250*l - 253*l - 4*s + 176 = 0. Calculate the highest common divisor of 256 and l.
16
Let m = -179 - -339. Suppose -4*h + 484 + m = 0. Calculate the highest common factor of h and 23.
23
Let a(u) = 2*u**2 + u + 184. Let x be a(0). Suppose 4*f = -4*h + 200, 2*h - x = -4*f + 6*h. Calculate the highest common factor of f and 60.
12
Suppose 0 = -4*g + 3*g + 8. Let w = -26636 + 26646. Calculate the highest common divisor of g and w.
2
Let u(x) = -x**2 + 2*x - 123. Let i be u(-10). Let m = -237 - i. Calculate the greatest common factor of m and 78.
6
Suppose 106*v - 100*v - 210 = 0. Let l be (1170/(-75))/((-2)/v). What is the highest common divisor of l and 21?
21
Let c be 4/18 + (-3635)/(-45). Suppose c*u - 74*u = 1197. Let z(s) = -5*s - 1. Let y be z(-4). What is the greatest common divisor of u and y?
19
Let d(q) = 2*q**2 - 96*q + 193. Let z be d(46). Suppose -5*j - 5*p = -z*j + 61, 2*p - 54 = -4*j. Calculate the highest common divisor of j and 378.
14
Suppose -57*h = 5*x - 56*h - 4096, x - 830 = -2*h. What is the greatest common divisor of 2 and x?
2
Let l be (-8)/(-6*3 + (-6177)/(-348)). Suppose 3*o + 2 = -52. Let r be (-2)/9 + (-4036)/o. What is the greatest common factor of l and r?
32
Let v(d) = -9*d**2 + 2*d + 1. Let o be v(2). Let x = -19 - o. Suppose 3*a = 9, -4*a + 2 = -2*l + x. Calculate the greatest common factor of 77 and l.
11
Suppose -3607 = 19*w - 9079. What is the greatest common divisor of 3552 and w?
96
Let b(l) = -l**2 - 23*l + 5. Let y be b(-21). Let j be 3 - (3/9 + (-4)/(-6)). Suppose -j*q = 6*q - 1128. Calculate the greatest common factor of y and q.
47
Let o be 7824/21 - 17/((-1309)/(-44)). What is the highest common factor of 48 and o?
12
Let h be -1 - 4*(57/(-2) + 2). Let v = -100 + h. Suppose 5*t = -v*t + 240. What is the highest common factor of t and 18?
6
Let y(g) = 169*g + 390. Let c be y(-2). What is the highest common divisor of 188 and c?
4
Suppose -2*t = 10, 0 = 3*g - 4*t - 16 - 40. Calculate the highest common factor of 972 and g.
12
Suppose 5*u = 4*u + 24. Let z(a) = -a**3 + 8*a**2 + 49*a - 9. Let y be z(12). What is the highest common factor of y and u?
3
Let f be ((-13178)/(-154) - (-2)/(-28))*6. What is the highest common divisor of f and 969?
57
Let a be (-105)/7 + (9726 - 10). What is the highest common factor of a and 89?
89
Suppose 3*w + r + 50 = 0, 5*r + 80 = -5*w + 4*r. Let o(n) = -n**2 - 13*n + 3. Let l be o(w). Let i = 60 + l. What is the greatest common factor of i and 165?
33
Let c = 15231 + -7323. Calculate the greatest common divisor of c and 24.
12
Suppose 338435 - 1983715 = -224*x. What is the highest common factor of 195 and x?
65
Let i(m) = -4*m**3 - m**2 + 3*m + 2. Let t be i(-1). What is the greatest common divisor of 601 and t?
1
Let b = 46349 - 45315. What is the highest common divisor of 3384 and b?
94
Let q be (-3)/8 + (-44)/(-32). Let b be (-5 - -9) + (-53 - q). Let f = -44 - b. What is the greatest common factor of f and 4?
2
Let l(s) = s**3 - 13*s**2 + 51*s - 24. Let q be l(7). Suppose 0 = -2*x + 3 + 23. What is the greatest common factor of x and q?
13
Let y(j) = 3*j**3 + 24*j**2 - 135*j + 6. Let o be y(5). Calculate the highest common divisor of 72 and o.
18
Let n = -3 - -23. Suppose 49*t = 106 + 139. What is the highest common factor of n and t?
5
Let v = -205 - -645. Let g = 448 - v. Calculate the greatest common factor of g and 34.
2
Let k(y) = 2*y**3 + 11*y**3 + 17 - 27*y**3 + 15*y**3 - 17*y - 15*y**2. Let z be (-2)/7 - (-228)/14. Let u be k(z). What is the highest common factor of 9 and u?
1
Let c(x) = 25*x - 71. Let z be c(4). Calculate the greatest common divisor of 11803 and z.
29
Let c(o) = 703*o**3 - 9*o**2 + 5*o - 5. Let x be c(3). What is the greatest common divisor of 30 and x?
10
Let q be -6 + -17 + (-2 - -10). Let k = q - -22. What is the highest common divisor of k and 35?
7
Let w(p) = -p**3 + 12*p**2 + 15*p - 5. Let f be w(13). Let r = 9 - 8. Let v = r + f. Calculate the greatest common factor of 11 and v.
11
Let y = -73 - -32. Let i = -41 - y. Suppose 2*x + 3*a - 489 = 2, i = -2*a + 10. Calculate the greatest common factor of 34 and x.
34
Let v be 7140/(-425)*(-1480)/28. Calculate the highest common factor of v and 16.
8
Suppose 5*k - 1001*r + 1005*r - 78 = 0, -6 = -3*r. Suppose 9*n = 10*n - 21. Let w be n/(-9)*(-49 + 1). Calculate the highest common factor of k and w.
14
Let q(l) = 16*l**2 - 74*l - 15. Let a be q(5). Calculate the highest common divisor of 3945 and a.
15
Let b(p) = 2*p**2 - p + 324. Let w be b(19). Let k(c) = -c**2 + 12*c - 14. Let x be k(9). What is the highest common divisor of x and w?
13
Suppose -4*q + 17 = -l - 27, -2*l = 2*q - 32. Suppose -2*k - 54 = -3*p - p, p - q = -k. What is the greatest common factor of 91 and p?
13
Let p be (132/(-7))/((-12)/336). What is the greatest common divisor of p and 836?
44
Let w(d) = 5*d + 5. Let y(r) = 1. Let i(j) = -w(j) + 4*y(j). Let c be 1/(-3 + 1)*10. Let n be i(c). Calculate the greatest common divisor of n and 8.
8
Let d(t) = t + 33. Let c be d(-11). Let m(j) = 13*j - 264. Let g be m(c). What is the greatest common factor of g and 22?
22
Let o(i) = 2*i**2 + 8. Let z be 1*((-17)/(-34) + (-123)/(-2)). Suppose -15*w = -13 - z. Let j be o(w). What is the highest common factor of j and 29?
29
Let p = 261 - 257. Suppose -p*q = -4*d + 329 - 1277, 5*q - d - 1197 = 0. What is the greatest common divisor of 30 and q?
30
Suppose 162*f = 154*f + 22968. Calculate the highest common divisor of 198 and f.
99
Suppose 0 = -2*j, -4*b + 2*j + 1524 = -1732. What is the highest common divisor of b and 222?
74
Suppose 6*w - 5 = -5. Suppose -a + 136 = -3*c + 4*c, w = -4*c - 2*a + 546. Let r = c + -67. Calculate the greatest common factor of 10 and r.
10
Let b be (-425)/68 - -7 - 135/(-12). What is the highest common factor of 6108 and b?
12
Suppose -4*t = -3*b - t + 66, 5*t - 82 = -3*b. Let l be (9/4)/(5/(880/3)). What is the greatest common divisor of b and l?
12
Let f be ((-6042)/(-7))/(309/1442). What is the greatest common divisor of 76 and f?
76
Let r be 15834/(-9) - (-2)/(-3). Let i be ((-24)/(-5))/(